00?
True
Is 170 a factor of 2461770?
True
Does 588 divide 707374?
False
Is 19101 a multiple of 88?
False
Does 668 divide 1312620?
True
Does 12 divide 29794?
False
Is 31900 a multiple of 145?
True
Is 265 a factor of 4742705?
True
Is 2301567 a multiple of 419?
True
Is 16 a factor of 458112?
True
Is 201433 a multiple of 41?
True
Is 83 a factor of 39010?
True
Is 200320 a multiple of 32?
True
Is 283878 a multiple of 42?
True
Is 6 a factor of 856170?
True
Is 3777435 a multiple of 9?
True
Does 1311 divide 4328156?
False
Does 3 divide 111580?
False
Is 342748 a multiple of 24?
False
Does 224 divide 218624?
True
Is 93 a factor of 63426?
True
Is 154 a factor of 918918?
True
Is 1021 a factor of 2022601?
True
Is 8694 a multiple of 63?
True
Is 665432 a multiple of 325?
False
Is 303 a factor of 62721?
True
Is 6471768 a multiple of 758?
False
Is 30 a factor of 1247842?
False
Does 12 divide 945163?
False
Is 35 a factor of 28000?
True
Is 97 a factor of 1723614?
False
Does 304 divide 47424?
True
Does 34 divide 2043020?
False
Is 204174 a multiple of 38?
True
Does 52 divide 3344009?
False
Is 54 a factor of 224478?
True
Does 84 divide 54481?
False
Is 41 a factor of 1553777?
True
Does 69 divide 22287?
True
Is 2898989 a multiple of 241?
True
Does 8 divide 516168?
True
Is 7999900 a multiple of 14?
False
Is 15714858 a multiple of 17?
False
Is 681408 a multiple of 468?
True
Is 146 a factor of 117762?
False
Is 139 a factor of 20433?
True
Does 379 divide 15539?
True
Is 4 a factor of 43851?
False
Is 1782737 a multiple of 459?
False
Does 1029 divide 3360714?
True
Does 392 divide 930216?
True
Is 23 a factor of 446510?
False
Is 233 a factor of 907810?
False
Is 385 a factor of 1239037?
False
Is 353 a factor of 3351382?
True
Is 6086909 a multiple of 163?
True
Is 42 a factor of 37506?
True
Is 17 a factor of 1508644?
False
Is 53127 a multiple of 91?
False
Is 19428787 a multiple of 92?
False
Is 7365384 a multiple of 258?
True
Is 11 a factor of 94997?
False
Does 28 divide 373156?
True
Is 4 a factor of 444813?
False
Does 96 divide 63632?
False
Does 541 divide 19484390?
False
Is 115714 a multiple of 6?
False
Is 39654 a multiple of 7?
False
Is 86 a factor of 88494?
True
Is 107308 a multiple of 139?
True
Is 91686 a multiple of 111?
True
Is 2987573 a multiple of 131?
False
Is 4 a factor of 6662?
False
Is 330221 a multiple of 19?
False
Does 11 divide 7018?
True
Does 392 divide 2099904?
False
Is 14137536 a multiple of 207?
False
Does 14 divide 348250?
True
Is 16 a factor of 1207448?
False
Is 152895 a multiple of 12?
False
Is 859338 a multiple of 36?
False
Does 158 divide 144200?
False
Is 7 a factor of 134442?
True
Is 31702 a multiple of 22?
True
Is 17 a factor of 766023?
False
Is 5 a factor of 161920?
True
Is 764 a factor of 21810059?
False
Is 8 a factor of 11112?
True
Is 10465725 a multiple of 235?
True
Is 53 a factor of 25175?
True
Does 14 divide 8818?
False
Is 58068 a multiple of 15?
False
Is 26 a factor of 16615?
False
Is 19350457 a multiple of 9?
False
Is 262622 a multiple of 62?
False
Is 12705780 a multiple of 371?
False
Is 209481 a multiple of 17?
False
Is 124 a factor of 273181?
False
Does 231 divide 304314?
False
Is 6 a factor of 1440?
True
Is 65 a factor of 94382?
False
Is 634404 a multiple of 111?
False
Is 1291000 a multiple of 500?
True
Is 36 a factor of 34526?
False
Is 270562 a multiple of 230?
False
Is 248 a factor of 34291?
False
Is 5017015 a multiple of 577?
True
Is 79 a factor of 2501990?
False
Does 15 divide 34170?
True
Does 31 divide 260763?
False
Does 8 divide 4912?
True
Is 37 a factor of 244666?
False
Does 136 divide 8525840?
True
Does 24 divide 8734080?
True
Is 203094 a multiple of 6?
True
Is 345 a factor of 724845?
True
Is 15 a factor of 58123?
False
Is 3026776 a multiple of 76?
True
Does 23 divide 2868261?
True
Does 26 divide 65260?
True
Does 48 divide 18129918?
False
Is 371637 a multiple of 51?
True
Does 5 divide 3098385?
True
Does 3 divide 4817?
False
Is 18223648 a multiple of 32?
True
Is 146969 a multiple of 59?
True
Is 342676 a multiple of 411?
False
Is 565791 a multiple of 113?
True
Is 14 a factor of 249469?
False
Is 10 a factor of 1294039?
False
Is 18 a factor of 63875?
False
Does 189 divide 662627?
False
Does 137 divide 310506?
False
Is 228330 a multiple of 590?
True
Is 582684 a multiple of 4?
True
Is 8341206 a multiple of 37?
True
Does 17 divide 11704806?
True
Is 778 a factor of 525709?
False
Is 5 a factor of 40878?
False
Is 128 a factor of 2503168?
True
Does 12 divide 197028?
True
Does 102 divide 405289?
False
Is 172 a factor of 3220872?
True
Is 139 a factor of 20060?
False
Is 560055 a multiple of 6?
False
Is 1623825 a multiple of 64?
False
Does 325 divide 2049125?
True
Does 5 divide 9406076?
False
Is 13 a factor of 9766001?
False
Is 24787 a multiple of 9?
False
Does 510 divide 507127?
False
Does 144 divide 51640?
False
Is 2658672 a multiple of 37?
True
Does 125 divide 6025500?
True
Does 473 divide 3377955?
False
Is 2002029 a multiple of 41?
False
Is 29267 a multiple of 37?
True
Is 109 a factor of 192874?
False
Does 162 divide 243469?
False
Is 19 a factor of 212420?
True
Is 104911 a multiple of 22?
False
Is 10 a factor of 416366?
False
Does 247 divide 935800?
False
Is 369 a factor of 204795?
True
Is 4087895 a multiple of 16?
False
Does 15 divide 10046906?
False
Is 4300712 a multiple of 13?
True
Is 159659 a multiple of 18?
False
Is 36540 a multiple of 7?
True
Is 309 a factor of 10411493?
False
Is 854597 a multiple of 363?
False
Is 7915849 a multiple of 484?
False
Does 12 divide 76740?
True
Does 201 divide 114771?
True
Is 416538 a multiple of 317?
True
Is 79820 a multiple of 19?
False
Does 4 divide 57823?
False
Does 19 divide 203604?
True
Is 14 a factor of 93757?
False
Is 57 a factor of 375516?
True
Is 820 a factor of 7274468?
False
Is 131566 a multiple of 2?
True
Does 8 divide 40576?
True
Is 73460 a multiple of 360?
False
Is 2550766 a multiple of 95?
False
Does 25 divide 181193?
False
Is 9122700 a multiple of 378?
False
Does 161 divide 756700?
True
Is 421459 a multiple of 8?
False
Does 32 divide 8573?
False
Is 151 a factor of 125783?
True
Does 781 divide 9104521?
False
Is 130540 a multiple of 555?
False
Does 251 divide 181052?
False
Is 6653272 a multiple of 4?
True
Is 2378754 a multiple of 186?
True
Is 10670143 a multiple of 541?
True
Is 165924 a multiple of 66?
True
Is 6539200 a multiple of 670?
True
Does 6 divide 1007284?
False
Is 22 a factor of 1888887?
False
Is 103 a factor of 863282?
False
Does 117 divide 89960?
False
Is 199 a factor of 83979?
False
Is 64723 a multiple of 11?
False
Is 3 a factor of 81382?
False
Is 2454 a factor of 34259750?
False
Is 4198 a multiple of 6?
False
Is 3 a factor of 72145?
False
Is 9 a factor of 729?
True
Is 3106866 a multiple of 14?
True
Is 4959448 a multiple of 52?
True
Is 48 a factor of 1495250?
False
Is 1050959 a multiple of 5?
False
Is 79410 a multiple of 34?
False
Is 34659 a multiple of 6?
False
Does 322 divide 204394?
False
Does 590 divide 2702340?
False
Is 3247855 a multiple of 65?
True
Is 384 a factor of 2590080?
True
Is 138108 a multiple of 677?
True
Is 3627378 a multiple of 32?
False
Is 632 a factor of 1678482?
False
Does 957 divide 4574461?
False
Does 82 divide 111930?
True
Is 922148 a multiple of 142?
True
Is 3163240 a multiple of 20?
True
Is 4018 a multiple of 20?
False
Is 5 a factor of 3258?
False
Is 1158197 a multiple of 171?
False
Is 1006560 a multiple of 54?
True
Is 3540262 a multiple of 43?
False
Does 59 divide 384825?
False
Is 140 a factor of 19285000?
True
Does 21 divide 37884?
True
Does 137 divide 240846?
True
Is 14 a factor of 131226?
False
Does 131 divide 1448336?
True
Is 199 a factor of 368281?
False
Is 94306 even?
True
Is 110560 a multiple of 23?
False
Does 30 divide 3624900?
True
Is 15 a factor of 2061707?
False
Does 39 divide 461102?
False
Is 756532 a multiple of 164?
True
Does 38 divide 6756020?
True
Is 12241 a multiple of 2?
False
Is 352 a factor of 2590781?
False
Does 8 divide 684192?
True
Is 416 a factor of 6972868?
False
Is 203 a factor of 1060269?
True
Is 147177 a multiple of 237?
True
Is 20 a factor of 486656?
False
Does 166 divide 86984?
True
Is 206521 a multiple of 21?
False
Is 10 a factor of 28700?
True
Is 71 a factor of 777024?
True
Does 7 divide 27295?
False
Is 159379 a multiple o